{"id":2,"date":"2016-05-10T03:48:21","date_gmt":"2016-05-10T03:48:21","guid":{"rendered":"http:\/\/14hoibe.de\/?page_id=2"},"modified":"2020-03-25T13:18:50","modified_gmt":"2020-03-25T13:18:50","slug":"info","status":"publish","type":"page","link":"http:\/\/14hoibe.de\/?page_id=2","title":{"rendered":"Info"},"content":{"rendered":"\t\t<div data-elementor-type=\"wp-page\" data-elementor-id=\"2\" class=\"elementor elementor-2\">\n\t\t\t\t\t\t<div class=\"elementor-inner\">\n\t\t\t\t<div class=\"elementor-section-wrap\">\n\t\t\t\t\t\t\t\t\t<section class=\"elementor-section elementor-top-section elementor-element elementor-element-1340e860 elementor-section-boxed elementor-section-height-default elementor-section-height-default\" data-id=\"1340e860\" data-element_type=\"section\">\n\t\t\t\t\t\t<div class=\"elementor-container elementor-column-gap-default\">\n\t\t\t\t\t\t\t<div class=\"elementor-row\">\n\t\t\t\t\t<div class=\"elementor-column elementor-col-100 elementor-top-column elementor-element elementor-element-2bba8466\" data-id=\"2bba8466\" data-element_type=\"column\">\n\t\t\t<div class=\"elementor-column-wrap elementor-element-populated\">\n\t\t\t\t\t\t\t<div class=\"elementor-widget-wrap\">\n\t\t\t\t\t\t<div class=\"elementor-element elementor-element-485fbb1e elementor-widget elementor-widget-text-editor\" data-id=\"485fbb1e\" data-element_type=\"widget\" data-widget_type=\"text-editor.default\">\n\t\t\t\t<div class=\"elementor-widget-container\">\n\t\t\t\t\t\t\t\t<div class=\"elementor-text-editor elementor-clearfix\">\n\t\t\t\t<h3><strong>\u201e<\/strong><strong>14 Hoibe<\/strong><strong>\u201c <\/strong><\/h3>\n<h4><strong>Die Oktoberfestkapelle mit Kultstatus aus dem Chiemgau <\/strong><\/h4><div><br><\/div>\n<p><strong>Die explosive Mischung aus original bayerischer Blasmusik und traditionellen Wirtshauslieder einerseits, Schlager, Rock\u2019n Roll und Showeinlagen andrerseits begeistert das Publikum jedesmal wieder bis weit \u00fcber Bayerns Grenzen hinaus.<\/strong><\/p>\n<p><strong>Mit ihrem schier unersch\u00f6pflichen musikalischen Repertoire war die bayerische Schaukapelle mit Kultstatus schon als Oktoberfestkapelle in M\u00fcnchen, am G\u00e4ubodenfest in Straubing, beim Karpfhamer Fest, dem Rosenheimer Herbstfest, der Simbacher Pfingstdult und vielen anderen Fest- und Bierzelten von Obertauern bis Hamburg zu h\u00f6ren.<\/strong><\/p>\n<p><strong>Ob mit Xylophon, Tuba, Schlagzeug, Geige, Trompete, Saxophon\u202614Hoibe bringt ein gro\u00dfartiges musikalisches Spektrum auf die B\u00fchne und bleibt trotzdem seinen bayerischen Wurzeln treu.<\/strong><\/p>\n<p><strong>\u201eStarg\u00e4ste\u201c sind unter vielen anderen Maria und Margot Hellwig, Ivan Rebrov, Elvis, Joe Cocker, Tina Turner, die Blues Brothers und James Brown, ja sogar AC\/DC, Queen und Kiss lassen sich bei besonders guter Stimmung auf der B\u00fchne sehen! <\/strong><\/p>\n<p><strong>Aber viel besser als dar\u00fcber zu lesen ist es 14Hoibe zu erleben!<\/strong><\/p>\n<p><strong>Pack ma\u2019s o!<\/strong><\/p>\n<div><br><\/div><div><br><\/div>\t\t\t\t\t<\/div>\n\t\t\t\t\t\t<\/div>\n\t\t\t\t<\/div>\n\t\t\t\t\t\t<\/div>\n\t\t\t\t\t<\/div>\n\t\t<\/div>\n\t\t\t\t\t\t\t\t<\/div>\n\t\t\t\t\t<\/div>\n\t\t<\/section>\n\t\t\t\t\t\t\t\t\t<\/div>\n\t\t\t<\/div>\n\t\t\t\t\t<\/div>\n\t\t","protected":false},"excerpt":{"rendered":"<p>Wer? Wie? Was? <span class=\"read-more\"><a class=\"more-link btn btn-transparent\" href=\"http:\/\/14hoibe.de\/?page_id=2\">Do geht\u00b4s weida&#8230;<\/a><\/span><\/p>\n","protected":false},"author":1,"featured_media":1914,"parent":0,"menu_order":0,"comment_status":"closed","ping_status":"closed","template":"","meta":{"footnotes":""},"_links":{"self":[{"href":"http:\/\/14hoibe.de\/index.php?rest_route=\/wp\/v2\/pages\/2"}],"collection":[{"href":"http:\/\/14hoibe.de\/index.php?rest_route=\/wp\/v2\/pages"}],"about":[{"href":"http:\/\/14hoibe.de\/index.php?rest_route=\/wp\/v2\/types\/page"}],"author":[{"embeddable":true,"href":"http:\/\/14hoibe.de\/index.php?rest_route=\/wp\/v2\/users\/1"}],"replies":[{"embeddable":true,"href":"http:\/\/14hoibe.de\/index.php?rest_route=%2Fwp%2Fv2%2Fcomments&post=2"}],"version-history":[{"count":10,"href":"http:\/\/14hoibe.de\/index.php?rest_route=\/wp\/v2\/pages\/2\/revisions"}],"predecessor-version":[{"id":1999,"href":"http:\/\/14hoibe.de\/index.php?rest_route=\/wp\/v2\/pages\/2\/revisions\/1999"}],"wp:featuredmedia":[{"embeddable":true,"href":"http:\/\/14hoibe.de\/index.php?rest_route=\/wp\/v2\/media\/1914"}],"wp:attachment":[{"href":"http:\/\/14hoibe.de\/index.php?rest_route=%2Fwp%2Fv2%2Fmedia&parent=2"}],"curies":[{"name":"wp","href":"https:\/\/api.w.org\/{rel}","templated":true}]}}